64 and 368.
16
What is the greatest common factor of 6486054 and 906?
906
What is the greatest common divisor of 28 and 73542?
14
What is the greatest common divisor of 8530 and 280?
10
What is the highest common factor of 9866 and 878?
2
What is the greatest common divisor of 38 and 351082?
38
What is the highest common factor of 541774 and 410?
82
What is the greatest common divisor of 2 and 322694?
2
What is the greatest common factor of 301 and 5169675?
301
Calculate the highest common factor of 26 and 3988010.
26
Calculate the highest common factor of 49089 and 2.
1
Calculate the greatest common divisor of 3228 and 170277.
807
What is the highest common factor of 10675 and 77?
7
Calculate the greatest common divisor of 5961 and 111.
3
What is the greatest common factor of 20999059 and 421?
421
Calculate the greatest common factor of 1964 and 3268.
4
What is the highest common factor of 20900 and 2375?
475
Calculate the greatest common divisor of 26035 and 27470.
205
What is the greatest common divisor of 660 and 82300?
20
What is the highest common divisor of 6 and 141774?
6
Calculate the highest common factor of 26796 and 3465.
231
What is the greatest common factor of 6129 and 3133962?
2043
Calculate the highest common factor of 192 and 47136.
96
What is the greatest common factor of 121 and 205458?
121
What is the highest common divisor of 1192091 and 17?
17
Calculate the greatest common divisor of 628 and 4689119.
157
Calculate the highest common factor of 247 and 1501.
19
What is the highest common divisor of 300 and 1379460?
60
Calculate the highest common divisor of 1716 and 87802.
286
Calculate the greatest common factor of 3644 and 28.
4
Calculate the highest common divisor of 78 and 665938.
26
What is the highest common factor of 295 and 19529?
59
Calculate the greatest common factor of 177912 and 36.
36
What is the highest common divisor of 1856 and 97024?
64
Calculate the highest common factor of 611 and 24245.
13
What is the highest common divisor of 217826 and 14?
14
Calculate the highest common divisor of 224730 and 900.
90
Calculate the greatest common divisor of 10560 and 1485.
165
Calculate the highest common factor of 3152 and 2044072.
1576
Calculate the greatest common factor of 89369 and 85.
17
Calculate the greatest common factor of 22017 and 287.
41
What is the greatest common factor of 5 and 23335?
5
What is the greatest common factor of 21 and 68691?
21
What is the greatest common divisor of 1768 and 55016?
104
Calculate the greatest common divisor of 172990 and 40.
10
What is the greatest common factor of 876000 and 160?
160
Calculate the highest common divisor of 460 and 7020.
20
Calculate the greatest common factor of 12059 and 41234.
389
Calculate the highest common divisor of 18503772 and 588.
588
Calculate the highest common divisor of 11704 and 8264.
8
What is the greatest common factor of 25300 and 484?
44
What is the highest common factor of 597 and 163777?
199
Calculate the highest common divisor of 2 and 43536.
2
Calculate the greatest common factor of 455 and 117195.
65
Calculate the highest common factor of 24165 and 2327.
179
What is the highest common divisor of 10486428 and 1284?
1284
Calculate the greatest common divisor of 2574922 and 119.
119
What is the highest common divisor of 512945 and 173?
173
What is the greatest common divisor of 35 and 309575?
35
Calculate the highest common divisor of 502 and 5208752.
502
Calculate the greatest common divisor of 1164 and 1584.
12
Calculate the highest common factor of 18 and 73422.
18
Calculate the greatest common factor of 30 and 13602.
6
What is the greatest common divisor of 8604 and 486?
18
What is the greatest common divisor of 1673336 and 7?
7
Calculate the highest common divisor of 81267 and 12.
3
What is the highest common divisor of 447 and 555?
3
Calculate the greatest common divisor of 16431 and 84.
3
Calculate the highest common factor of 693 and 59642.
11
What is the greatest common factor of 5060 and 23?
23
Calculate the highest common factor of 2191 and 6538.
7
What is the highest common divisor of 808 and 44844?
404
What is the highest common divisor of 182541 and 9427?
857
What is the greatest common factor of 3320 and 296?
8
Calculate the greatest common divisor of 968 and 2808.
8
Calculate the greatest common divisor of 20539 and 36613.
893
What is the greatest common divisor of 329 and 70359?
47
What is the highest common divisor of 33 and 45342?
33
Calculate the highest common divisor of 299871 and 1398.
699
What is the greatest common divisor of 5823 and 909?
9
Calculate the highest common divisor of 1155 and 3220.
35
Calculate the greatest common divisor of 32388 and 348.
12
What is the greatest common factor of 607405 and 261?
29
Calculate the highest common divisor of 127930 and 440.
110
What is the highest common factor of 34715 and 6095?
265
What is the greatest common factor of 2700 and 38400?
300
Calculate the highest common factor of 35510 and 130.
10
Calculate the highest common divisor of 1480 and 150.
10
What is the highest common factor of 36754 and 14858?
782
Calculate the highest common divisor of 95910 and 60.
30
Calculate the highest common divisor of 372780 and 4275.
855
Calculate the greatest common divisor of 141844 and 4.
4
What is the highest common factor of 5546150 and 100?
50
What is the greatest common factor of 37 and 4933?
1
Calculate the highest common divisor of 24154 and 143.
13
Calculate the greatest common divisor of 1760 and 1069024.
352
Calculate the greatest common divisor of 165 and 3102.
33
Calculate the highest common divisor of 861 and 287287.
287
What is the highest common factor of 10573 and 1261?
97
What is the highest common divisor of 628 and 2048?
4
Calculate the greatest common factor of 25498 and 9977.
11
What is the highest common divisor of 2730 and 3318?
42
What is the greatest common divisor of 5088 and 28320?
96
What is the highest common divisor of 2565 and 539010?
45
What is the greatest common factor of 167497 and 33?
11
Calculate the highest common divisor of 20 and 22964.
4
Calculate the greatest common factor of 198 and 4290.
66
Calculate the greatest common divisor of 280 and 878360.
280
Calculate the highest common divisor of 443 and 203337.
443
What is the greatest common factor of 33 and 12684?
3
What is the highest common divisor of 810084 and 152?
76
Calculate the highest common factor of 1289264 and 76.
76
Calculate the highest common factor of 7709745 and 1038.
519
What is the highest common factor of 1996614 and 54?
18
Calculate the greatest common divisor of 21716 and 8188.
356
Calculate the highest common divisor of 28749 and 588.
21
What is the highest common factor of 10832 and 176?
16
What is the greatest common factor of 22939 and 1015?
203
What is the greatest common factor of 184 and 162648?
8
What is the greatest common divisor of 147433 and 44?
11
What is the greatest common divisor of 47 and 462715?
47
Calculate the highest common divisor of 130798 and 34.
34
What is the greatest common factor of 96811 and 286?
143
Calculate the highest common divisor of 103 and 1794775.
103
What is the greatest common factor of 18600 and 250?
50
Calculate the greatest common divisor of 360 and 25110.
90
What is the greatest common divisor of 2648 and 47995?
331
Calculate the greatest common divisor of 1300 and 62075.
325
What is the highest common divisor of 346 and 1532?
2
What is the greatest common divisor of 29158 and 854?
122
What is the highest common factor of 194050 and 350?
50
Calculate the greatest common divisor of 129 and 2971687.
43
What is the greatest common divisor of 786325 and 886?
443
What is the greatest common factor of 33252 and 204?
204
What is the highest common factor of 18767 and 6811?
49
Calculate the highest common factor of 286290 and 370.
10
Calculate the greatest common factor of 4247 and 254957.
137
Calculate the highest common divisor of 250828 and 1460.
292
Calculate the greatest common divisor of 13287 and 14626.
103
Calculate the greatest common divisor of 22 and 2290.
2
Calculate the highest common factor of 43 and 810.
1
What is the greatest common factor of 542 and 434413?
271
Calculate the highest common divisor of 3052651 an